92 - -108 - -72?
103
-109 - (-89 + -11 - 2)
-7
What is the value of 120 - -49 - (-99 - -188)?
80
What is 53 - (-33 - (-127 + 50))?
9
What is 49 - ((78 - 51) + -26 + -17 + -1)?
66
What is the value of 41 + -42 - -25 - (-16 - -17)?
23
(7 - 18) + 88 + -16 + -22
39
3 + -14 - (9 - (1 + -1 + 6))
-14
Evaluate 23 + -14 + -27 + -1 + 5.
-14
Evaluate (-44 + 62 - 7) + 30.
41
Evaluate -49 + 39 + 75 + -142.
-77
What is 3 + 4 + (-33 - -31) + -5?
0
(-26 - -4) + 20 + (0 - (-6 + 30)) + -6
-32
What is (-21 - -54) + (0 - (10 + -11) - 9)?
25
Calculate (-10 + -8 - 18) + 9 + -6.
-33
What is the value of -5 + 1 + -5 + (-4 - (-47 - (1 + 20)))?
55
Evaluate (-4 - 16) + (17 - (8 - 0)) + (-16 - -3).
-24
Evaluate -3 + -13 + -2 + 11 + 2 + -17.
-22
Calculate -28 + 1 - (4 - (4 + 19 - 15)) - -6.
-17
(0 - -9 - -2) + 77 + 54 + -88
54
Evaluate -43 + -5 + (7 - 6) + 88 + -91.
-50
What is the value of 4799 - 4864 - (-1 + -119)?
55
What is the value of (34 - (85 - 57)) + 85?
91
Evaluate 6 - -1 - (-24 - -37) - -6 - -4.
4
What is 13 - (-4 + (-5 - -14)) - (8 - -12) - -75?
63
-91 + (43 - (-30 - -1))
-19
What is the value of 11 + -10 + -65 - (0 - 22) - (-1 - -6)?
-47
What is the value of -10 - (-78 - -24) - 1?
43
What is the value of (12 - -16 - 9) + -11 - (4 - -2 - 5)?
7
What is 68 + (-46 - -82) - 34?
70
Calculate -13 + (-13 - -12 - -9) + (-5 - -1).
-9
What is 98 + 0 - (68 - (79 - (7 + 24)))?
78
What is the value of 1 - (6 + (5 - (12 - 4)) + 2)?
-4
-39 + -14 + 94 + -36
5
Calculate -89 + 123 - (-23 - -25).
32
Evaluate (-19 - -1 - -13 - (-9 + 5)) + -8.
-9
What is 16 + -79 + -3 + (0 - (-4 - 12))?
-50
(39 - 23) + 13 - 45
-16
What is 80 + -42 + (5 + 5 + -6 - 5)?
37
Evaluate -77 + 76 - (3 - -1) - (-21 + 58).
-42
Evaluate -31 + 7 + -24 - 28 - (14 + -2).
-88
-57 - (68 + (-37 - 97))
9
(-74 + 2 - (-12 + 3)) + -5 + 4 + -4
-68
What is the value of (-5 - 10 - (-11 - 0)) + 17?
13
Calculate (18 - 23) + 0 + -5 - (-27 + 50).
-33
7 + (-42 - -20) + 8 - 37
-44
What is the value of 16 - 10 - 31 - (-3 - -5)?
-27
What is the value of 121 + (-162 - (-302 + 161))?
100
Calculate -6 - ((-52 - -8) + 18).
20
Calculate 0 + 0 + -15 - ((-145 - -271) + -168).
27
What is 10 + (-12 - 2 - (-35 + 24))?
7
Evaluate (73 - (4 - (-15 + 12))) + -24.
42
Calculate (41 - 38) + 18 + -54 + 4.
-29
Calculate (685 - 706) + -6 + 6 + -6 + 7.
-20
Calculate (16 - -7) + -42 - -30 - (-1 + (-1 - 4)).
17
Evaluate (85 - 131) + 2 + 60.
16
What is the value of (-1 - 15) + (-7 - (-2 - 4) - 35)?
-52
What is 56 + -51 + (0 - 1 - -32)?
36
(-2 - 6 - -1) + (-4 + 30 - 81)
-62
Calculate -31 + (-31 - -47) + (-1 + -2 - -6) + -63.
-75
Evaluate -428 + 359 - (0 + -5 + 3).
-67
Evaluate 13 + (11 - (0 - (14 + -9)) - 6).
23
What is (-22 - -28) + (36 - (9 - 71))?
104
Evaluate 282 + -288 - (-3 + 4 + 2 - 3).
-6
Evaluate 7 + (3 + 6 + -14 - 56) + 9.
-45
What is the value of -1 - (21 + -3 - 6) - -40?
27
Calculate (107 - 7) + -42 - (29 + -4).
33
2 + -4 + 21 + -30 + 5
-6
Evaluate (-3991 - -3901) + (190 - -3).
103
What is 22 + 2 + (2 - (4 + (3 - -5) - 3))?
17
What is (-5 + -5 + 9 - 18) + 14 + 84?
79
-52 + 32 + -14 + 40
6
Calculate 11 + 166 + -171 - (2 + 36 - -1).
-33
Evaluate 2 + (16 - (98 + -36)) + 31.
-13
(9 + 0 - (8 + -11)) + 549 + -563
-2
-1 + 46 + -23 + -19 + -27
-24
Calculate 12718 + -12752 - (2 - (-1 + (-1 - -7))).
-31
What is (-20 - 7) + 113 + -75 - (-2 - (-39 - -1))?
-25
Calculate -105 + 20 - (-2 - (-1 + 2)) - (361 + -371).
-72
Calculate (88 - 79) + 0 + 1 + -18 - -1 - -36.
29
Evaluate 132 + (-24 - (82 + -44)).
70
What is -119 + -43 + -46 + 121?
-87
12 - (7 + -5 + 0 + -7 + 5)
12
2 - 4 - -10 - (-605 + 596)
17
What is the value of 25 + (-30 - -24) + -5 + (-55 - 0)?
-41
Calculate ((13 - -17) + -20 - -53) + -24.
39
-10 + 3 - (14 - (-15 + -1 + 35))
-2
Evaluate 18 - (-12 - 4) - (75 - 80).
39
Evaluate 12 + (17 - 1 - (-31 - -79 - 19 - -135)).
-136
(7 - (-2 - 17) - 47) + 22
1
Calculate (-4 + 5 + 7 - 8) + (-52 - (9 + -15)).
-46
Evaluate -9 + (-43 - (8 - -17 - 31)).
-46
Evaluate 23 - (211 - 262 - (-2 + 2)).
74
(11 - (34 - 11) - -18) + -24
-18
Evaluate -1 + -14 + 2 - (-451 - -429).
9
What is 0 + 8 + 52 + 1 + 557 + -591?
27
Evaluate -58 - (-25 + 0 - (12 - (13 - -13))).
-47
What is the value of (6 - (-10 - -5) - -19 - (-2 - -17)) + 28?
43
What is the value of 0 - -15 - ((19 - (18 - -9)) + 63)?
-40
What is (16 - (18 + -8 + 48)) + (3 - 2)?
-41
Calculate -3 - (-26 - -2) - (-23 - -22).
22
What is the value of 32 - (-36 - (18 + (18 - 38)))?
66
Evaluate -5 + (-36 - -29) + 3 + 3 + -6.
-12
Calculate 19 - (-4 - (-10 - -1) - (22 - -5 - 10)).
31
Evaluate 161 + -177 + -1 + 48 - (-3 + 1 + 0).
33
Calculate (9 - 3 - -57 - (3 - 1)) + (5 - 4).
62
What is (-117 - -36 - -60) + (8 - -1)?
-12
Calculate 0 + -9 + (-12 + 7 + -16 - -2) + 21.
-7
Calculate 19 + (11 - 22 - -19) - (-2 - -7).
22
What is the value of 42 + -16 + (23 - (10 + 47))?
-8
What is the value of (-1 + 9 - 26) + -2 + 23 + (-70 - 0)?
-67
4 + (-12 - (-19 + (-4 - -9) + (26 - -4)))
-24
What is the value of 7 + (-2 + 5 - (74 - 79)) + 1 + 34?
50
What is -3 + 11 - (23 + 1 + 0 + 24)?
-40
(-39 - (90 + -59)) + 92
22
-4471 - -4468 - (-1 + 3 + (3 - (-45 + -3)))
-56
What is 52 + (17 + -17 - 10 - 12)?
30
What is the value of 569 + -576 + -2 + -11?
-20
Calculate 82 + -59 + 12 + 24.
59
Calculate 30 + (9 - -1) + (488 - 487).
41
Evaluate -5 + 4 - ((-3 - 2) + -18 + -7).
29
What is the value of -147 - -146 - (18 - 1) - -5 - -69?
56
Calculate -82 + 9 + 97 + -103.
-79
-81 - -78 - (-8 - (-2 - 0))
3
What is the value of -20 + -4 + 16 + -4 + (-45 - -7)?
-50
Calculate -29 - ((13 - (0 + (11 - 8))) + -23).
-16
What is the value of -12 + 2 + (4 - 5) + -20?
-31
What is the value of -77 + 101 - (11 + (14 - -1))?
-2
Calculate (0 - -8) + (174 - 184) - 1 - -12.
9
Calculate 44 - (75 - (60 - 16)) - -47.
60
Calculate -204 + 199 + (30 - -85).
110
Calculate (8 - -23) + -10 - (-125 - -221).
-75
What is 26 + -22 + (-41 - (21 + -21 - (3 + 0)))?
-34
What is (0 + 9 - 5) + (53 - (2 - -1))?
54
Evaluate (99 - 7) + -109 + 88.
71
-13 + 87 + (13 - (-6 + (-4 - -19))) - 1
77
What is 19 + -6 + -13 - -12 - (12 - 8)?
8
(12 - (7 + (7 - 6))) + 19 + -67 + 18
-26
(4 - -2 - ((30 - 45) + 20)) + -48 + 1
-46
Evaluate -2 + -24 + (-148 - (-55 + -131)).
12
Evaluate 0 + (4 - 7) + -6 + (8 - 17) + 92.
74
Calculate -20 - 0 - (26 + -88 - -30).
12
What is the value of -7 + -8 + (3 - 17) + (11 - (-9 + 19))?
-28
What is the value of 25 + (-5 - 119) + 31 + 0?
-68
What is (32 + -57 + 67 - 9) + -48?
-15
Calculate (5 + 1 - (-35 + 4)) + (0 - 6) - 10.
21
What is -1 + 18 + 226 + -108 + -112?
23
What is the value of -18 - (1 + -2 + -43)?
26
(4 - -78) + -59 - 76
-53
7 + (-18 + 27 - 11) + (-1 - -17)
21
Calculate 3 - (-79 + -1) - (-566 - -579).
70
What is 20 - (6 - (0 - (-8 + -7)))?
29
Calculate -59 - (-69 + 76) - -85.
19
Calculate (12 + 0 - (-67 + 88)) + 57.
48
Calculate -15 - 0 - (184 - 185) - (-141 + (1 - -9)).
117
Evaluate 44 + -9 + 27 + -35 + 2.
29
Evaluate 2 - (-12 + (24 - 11) + -9 + 7).
3
What is -47 - (-4 + -31 + 7)?
-19
What is the value of (36 - 46 - (-1 - 0) - 8) + 5?
-12
What is the value of 5 + (9 - (23 + -1 + -8)) + 9?
9
What is 15 + -98 - (-449 - -256)?
110
What is the value of -17 + (-93 - ((25 - 8) + 2) - 4)?
-133
What is the value of (11 - 97) + 77 - (-2 + 1)?
-8
23 - (-153 + 31 + (-12 - -1))
156
82 + -3 + -197 + 132
14
What is -3 - 2 - (5 + (-22 - -9) - -81)?
-78
What is (-2 + (7 - 5) + -46 - -7) + 5 + -5?
-39
-11 + 0 + 16 + -15 + 8 + 38 - 8
28
What is 38 - (10 + 2 + -5 + 8)?
23
27 + 3 - (-26 - -66 - 62)
52
What is -3 - -46 - (-5 + 21 - (-7 - 3 - -21))?
38
What is -7 + 0 - (854 + -802)?
-59
-1 - -3 - (1 + -10) - (-105 + 595 + -460)
-19
What is 13 + -43 + 1 + -1 + (-17 - -13)?
-34
Calculate -28 - (84 - (-81 + 117)).
-76
Calculate 39 + (20 - 19 - 30).
10
What is (8 + -14 - -1 - 0) + (10 - (7 + 35))?
-37
What is -44 + (91 - 31) - 3?
13
What is 2 - -69 - (123 - (130 + 11))?
89
24 - (5 - (-55 - -28 - -91))
83
123 - ((4 - 1) + (-31 + 4 - (116 + -143)))
120
Calculate (22 - (9 + 11 - (47 + -43))) + 26.
32
Calculate 1104 - 1222 - (7 + (-1 - 0) + 2).
-126
Evaluate 2 + 92 - (352 - 282).
24
What is the value of -51 + (121 - (69 - 4))?
5
Evaluate -9 - (-88 - -103 - (-12 + -1 + 3 + -1)).
-35
(1 - 114) + -209 + (76 - -145)
-101
Evaluate (-21 - -35) + -32 + 5 + 73 + (-10 - 0).
50
What is the value of 1000 - 972 - 